. Calculate the remainder when 14 is divided by (3 - 4)/((-2)/j).
4
Suppose -2*d - 9 + 17 = 0. What is the remainder when 5 is divided by d?
1
Let p(o) = -o + 3. Let s be p(3). Suppose s = -2*b - 2*b + 3*i + 178, 37 = b + 3*i. What is the remainder when b is divided by 11?
10
Suppose -5*r + 126 = 2*g + 21, -g - 5*r = -40. What is the remainder when g is divided by 17?
14
Let a(x) = 6*x - 13. Calculate the remainder when a(10) is divided by 12.
11
Let n be (-126)/(-12) - 2/4. Calculate the remainder when 45 is divided by -15*-1*8/n.
9
Let b(m) = -m**3 + 6*m**2 - 4*m - 5. Suppose 4*x - 61 = -2*d + 15, -x = d - 18. Calculate the remainder when x is divided by b(4).
9
Let g(l) = l**3 + 8*l**2 + 5*l + 3. Let i be g(-7). Let h = i - 9. Calculate the remainder when 55 is divided by h.
7
Let h(a) = a**3 - 17*a**2 + 3*a - 23. Calculate the remainder when h(17) is divided by 10.
8
What is the remainder when -5*((-684)/(-30))/(-2) is divided by 12?
9
Suppose q - 2 = -5*g + 48, 4*g - 2*q = 40. What is the remainder when 57 is divided by g?
7
Suppose 2*m + s = 25, -3*s - 2*s - 85 = -5*m. Let c(z) = 14*z**2 + 2*z + 1. Calculate the remainder when c(-2) is divided by m.
11
Let c(f) = f**3 - 2*f**2 + 2*f - 1. Suppose 3 + 1 = 4*y. Let s be c(y). Calculate the remainder when (s - -3)/(6/32) is divided by 9.
7
Suppose -9*g = -1 - 35. Calculate the remainder when 18 is divided by g.
2
Let m(i) = -88*i + 3. What is the remainder when m(-1) is divided by 25?
16
Suppose 0 = -3*b - 2*q + 200, -2*q - 150 = -2*b - 0*q. Calculate the remainder when b is divided by 36.
34
Let a = 41 + -24. Let y(p) = 34*p**2 - 1. Calculate the remainder when y(-1) is divided by a.
16
Calculate the remainder when 23 is divided by 7 + (-1 - -3)*-1.
3
Let g(t) be the second derivative of -t**4/12 - 8*t**3/3 - 7*t**2/2 + 9*t. Calculate the remainder when g(-11) is divided by 13.
9
Let j = -39 - -60. Suppose k - j = -4*k + 3*g, -k = 2*g - 12. What is the remainder when (-101)/(-6) + (-3)/(-18) is divided by k?
5
Suppose y + 3*n + n = -4, -4*y = 4*n - 44. Calculate the remainder when 29 is divided by y.
13
Let x = -2 - 4. Let n be (10/3)/((-4)/x). Suppose -n*m + 7 = -w, 0 = -3*m + 13 - 1. Calculate the remainder when 38 is divided by w.
12
Let h = 8 + -2. Let j = 0 + h. Calculate the remainder when 9 is divided by j.
3
Suppose -1 = 3*m + 2. Let j be (m + 3)*(-12)/8. Calculate the remainder when 61 is divided by j/((-3)/(-7))*-3.
19
What is the remainder when (2 - (-42)/(-8))/(1/(-52)) is divided by 34?
33
Suppose 100 + 16 = 2*d. Calculate the remainder when d is divided by 20.
18
Let g = -297 - -192. Let r = 5 - -4. What is the remainder when 1/(-4) - g/4 is divided by r?
8
Suppose -2*l + 0*s = 2*s - 2, 0 = 5*s + 10. Let i = 5 - l. What is the remainder when 5 is divided by i?
1
Let g(a) = 15*a - 23. Calculate the remainder when 83 is divided by g(3).
17
Suppose -3*f + 0*f = 15. Suppose -4*x + 5*x = -1. Let n = x - f. What is the remainder when n is divided by 2?
0
Suppose -2*k = -7*k + 50. Let y = -70 - -74. What is the remainder when k is divided by y?
2
What is the remainder when -1*46*3/(-6) is divided by 18*(12/(-9) - -2)?
11
Let t(j) = j**2 - 11*j + 14. Let f be t(10). Suppose 0 = 4*y - 8, -2*y = f*w + 7 + 17. Let n = 8 + w. Calculate the remainder when 2 is divided by n.
0
Let o = -80 - -92. What is the remainder when 44 is divided by o?
8
Suppose -2*v = 3*p - 32 - 25, -p = v - 20. What is the remainder when 31 is divided by p?
14
Let z = -41 + -22. Let f = z - -105. Calculate the remainder when f is divided by 11.
9
Let i = -144 + 162. Suppose 0 = -5*l + k + 46, 7 = -3*k + 19. What is the remainder when i is divided by l?
8
Let h(g) = 0*g**2 + g**2 + 8 + 5 - g. Suppose -3*w + w = i - 7, 30 = 3*w - 5*i. Calculate the remainder when h(0) is divided by w.
3
Suppose 2*m + 56 = 6*m. Calculate the remainder when 39 is divided by m.
11
Let b = 9 - 7. Suppose b*u = -c + 1, -4*c + 2 + 11 = -u. Calculate the remainder when 6 is divided by c.
0
Suppose 279 + 213 = 6*x. What is the remainder when x is divided by 17?
14
Suppose 5*q - 28 = 32. What is the remainder when 34 is divided by q?
10
Suppose 0 = -5*m + 7 + 83. Let y = m - -2. Suppose 0 = -3*t - y + 98. What is the remainder when t is divided by 14?
12
Suppose 16 = -2*w + 4*w. What is the remainder when 29 is divided by w?
5
Let g = -1 - -46. What is the remainder when g is divided by 16?
13
Suppose 0 = -z + 3, g - 5*z = -2*g + 18. Calculate the remainder when 140 is divided by g.
8
Suppose 6*g - 15 = 3*g. Suppose -5*n + 270 = -g*d, 2*n = -3*n - d + 270. Calculate the remainder when n is divided by 19.
16
Let t = -7 + 28. What is the remainder when t is divided by 6?
3
Suppose -5*x - 4*x + 405 = 0. Calculate the remainder when x is divided by 12.
9
Suppose 3*c + 109 = 4*c. What is the remainder when c is divided by 10?
9
Suppose -2*g + 20 = -3*x, g - 1 = -3*x + 18. What is the remainder when 38 is divided by g?
12
Let c = 18 - 8. Let a be (1 - 2)/(1/(-5)). What is the remainder when c is divided by 3 + (-2)/1 + a?
4
Let c = -11 + 25. Calculate the remainder when c is divided by 8.
6
Let y be 245/9 + 4/(-18). Let g = -12 + y. Calculate the remainder when 29 is divided by g.
14
Let m be -1 + 2/(-2)*-1. Suppose m*q + 4*q + 156 = 0. Let y = q + 66. What is the remainder when y is divided by 14?
13
Let f be -2 + 2 - (-46)/(-2). Suppose 3*k = -23 - 1. Let d = k - f. What is the remainder when 58 is divided by d?
13
Let g(l) = 9*l - 6. Suppose -z + 0 = -15. Calculate the remainder when g(7) is divided by z.
12
Suppose -j = 2*n + j, -3*j - 6 = 0. What is the remainder when n/(-2) - (-2 + -1) is divided by 2?
0
Suppose 5*n = -4*x + 221, -5*n + 136 = -x - 65. Let w be 1 + 1 + 2/(-2). Let p = 13 + w. Calculate the remainder when n is divided by p.
13
Suppose -13*t + 16 = s - 10*t, -4*t = 8. Calculate the remainder when 34 is divided by s.
12
Suppose -4*g = -3*p + 38, 3*g + 39 + 6 = 5*p. Calculate the remainder when p is divided by 3.
0
Let k = 12 + -6. Suppose -4*s + 45 = -19. What is the remainder when s is divided by k?
4
Let r = 74 + -60. What is the remainder when 81 is divided by r?
11
Let m(h) = h**2 - 10*h + 15. Let y be m(10). Let q = y + -11. Calculate the remainder when 15 is divided by q.
3
Suppose 0 = 2*y - 4*m - 182, -5*y = -y - 4*m - 348. Calculate the remainder when y is divided by 17.
15
Suppose -4*s + 2*v = -3*v - 60, -5*v = 4*s - 60. Calculate the remainder when 56 is divided by s.
11
Suppose -3*w - 2*q = 2, 0*q = -3*q - 3. Suppose -5*z + 3*v = -4*z - 22, w = 2*z + 2*v - 60. Let k = z - 16. What is the remainder when 34 is divided by k?
10
Suppose 0*h + 3*h - 3*v = -3, 5*v = h + 17. Let y(k) = -k + 0 - 2 + 2*k. Calculate the remainder when 2 is divided by y(h).
0
Suppose 9 = -2*h + 43. Calculate the remainder when 32 is divided by h.
15
Suppose -j + 4 = 2*x - 5*j, 3*j + 3 = 3*x. Suppose m = -x*m. Let t(o) = o**3 + 40. Calculate the remainder when t(m) is divided by 21.
19
Let f(g) = -g**3 + 6*g**2 - 6*g + 5. Let k = 4 + 1. Let l be f(k). Suppose -h = -l*h - 65. Calculate the remainder when h is divided by 22.
21
Let p(c) = 62*c. Let z be p(1). Suppose -4*b + 3*b = -2*m + 46, -z = -2*m + 5*b. Calculate the remainder when m is divided by 12.
9
Suppose 4*n - 2*w - 3 - 11 = 0, 5*n + 5*w = 25. What is the remainder when n is divided by 2?
0
Let g(d) = -d**3 - 4*d**2 - 4*d - 1. What is the remainder when 7 is divided by g(-3)?
1
Suppose -5*c + 3*r + 0*r = -6, 0 = 4*c + 2*r + 4. Let k(a) = -7 + a**3 - a**2 + 16 + 0*a**3. What is the remainder when 17 is divided by k(c)?
8
Suppose 44 - 347 = -3*b. Calculate the remainder when b is divided by 26.
23
Suppose 0 = -3*k - 81 - 93. Let c = 103 + k. What is the remainder when c is divided by 12?
9
Let r(g) = g**3 + 26*g**2 + 18*g + 2. Calculate the remainder when r(-25) is divided by 36.
33
Suppose -k = -5*s - 0*k - 14, -2*k + 8 = 0. Let r(x) = -12*x. What is the remainder when r(s) is divided by 13?
11
Let z = 26 - 18. Let s = z + 3. Calculate the remainder when s is divided by 3.
2
Let o(v) = v**2 + 3*v + 6. Suppose 5*x + 227 = 4*r, -30*r + 262 = -26*r + 2*x. Calculate the remainder when r is divided by o(-5).
15
Suppose -5 = -3*p + 61. What is the remainder when 86 is divided by p?
20
Suppos